ber?
False
Is 8414303 a prime number?
False
Is 8312869 composite?
True
Is 15374753 a composite number?
False
Is 1988033 composite?
False
Is 4351693 composite?
False
Is 109362193 a prime number?
True
Is 355974893 a prime number?
True
Is 608774173 prime?
False
Is 12951541 a prime number?
True
Is 7118473 a composite number?
False
Is 24336419 a composite number?
True
Is 94231109 composite?
True
Is 34533911 prime?
False
Is 16817599 prime?
False
Is 392593 a composite number?
False
Is 7102739 prime?
False
Is 351402179 composite?
False
Is 18969131 composite?
False
Is 1194269 composite?
False
Is 1606471751 composite?
False
Is 165301199 composite?
True
Is 83164061 composite?
False
Is 114043147 a composite number?
False
Is 158743495 composite?
True
Is 12458881 a composite number?
True
Is 630797579 a composite number?
True
Is 195318131 prime?
True
Is 7188689 composite?
False
Is 2501661 a composite number?
True
Is 5528015 a prime number?
False
Is 378648717 a prime number?
False
Is 1010929 a composite number?
False
Is 15141143 a prime number?
False
Is 7373221 prime?
False
Is 9110881 prime?
False
Is 83057165 a composite number?
True
Is 9136411 composite?
True
Is 5597159 a prime number?
True
Is 211820327 composite?
False
Is 4945519 a composite number?
False
Is 872220823 a composite number?
False
Is 6037243 a composite number?
True
Is 164966129 composite?
False
Is 10841167 prime?
False
Is 6537941 a composite number?
False
Is 75024259 composite?
False
Is 849523 a prime number?
True
Is 463241 composite?
True
Is 106174559 a prime number?
False
Is 1728451 prime?
True
Is 1066237 a prime number?
True
Is 1591217 a composite number?
True
Is 4014323 a composite number?
True
Is 23747635 composite?
True
Is 2479697 a prime number?
False
Is 79680373 a prime number?
True
Is 6086117 composite?
False
Is 36511523 a composite number?
False
Is 18767981 composite?
False
Is 36141899 a composite number?
True
Is 26685647 prime?
False
Is 6987863 a composite number?
False
Is 2864357 composite?
False
Is 8321227 composite?
False
Is 2034103 composite?
False
Is 5538463 a composite number?
True
Is 37525189 composite?
True
Is 7383459 a composite number?
True
Is 753637 prime?
False
Is 7702337 prime?
False
Is 1355647 a composite number?
False
Is 95133629 a prime number?
True
Is 5415953 a prime number?
False
Is 282671119 composite?
True
Is 209730838 prime?
False
Is 267210197 composite?
False
Is 4695103 a prime number?
False
Is 941407 composite?
False
Is 27878687 a composite number?
False
Is 84987979 a prime number?
False
Is 120764137 a prime number?
False
Is 37037617 a composite number?
True
Is 46711331 a prime number?
False
Is 742757 prime?
True
Is 15272701 prime?
False
Is 38073289 a composite number?
False
Is 92452427 composite?
False
Is 12167083 composite?
True
Is 1089323 prime?
False
Is 2794621 composite?
True
Is 42060443 composite?
True
Is 179096233 a composite number?
False
Is 216918709 a prime number?
False
Is 905381 composite?
False
Is 940399 a prime number?
True
Is 865337089 a composite number?
False
Is 112200155 prime?
False
Is 8178307 a prime number?
True
Is 3209147 composite?
False
Is 562763269 prime?
False
Is 362394907 prime?
False
Is 82745699 prime?
True
Is 9491765 composite?
True
Is 8415091 prime?
True
Is 3837611 a composite number?
True
Is 118958045 a prime number?
False
Is 754059563 prime?
False
Is 100597391 a prime number?
True
Is 42688693 a composite number?
False
Is 9031777 composite?
True
Is 4762663 a prime number?
True
Is 494895241 prime?
True
Is 602738819 a prime number?
False
Is 26470319 composite?
False
Is 997291 composite?
True
Is 21320183 a composite number?
False
Is 3320743 a prime number?
False
Is 9792473 a composite number?
False
Is 979939 prime?
False
Is 1842719 composite?
False
Is 8143687 a composite number?
False
Is 15595913 prime?
True
Is 524497 a prime number?
True
Is 4892837 prime?
True
Is 77993061 a composite number?
True
Is 10046069 a prime number?
False
Is 4777907 a prime number?
True
Is 12196453 prime?
False
Is 1377589 composite?
False
Is 64878661 a prime number?
True
Is 3179057 prime?
False
Is 1752463 composite?
True
Is 5339029 prime?
False
Is 468203 a prime number?
False
Is 3313693 a prime number?
False
Is 5553571 composite?
False
Is 16953091 prime?
False
Is 11006381 prime?
False
Is 1580171 composite?
False
Is 378493 a prime number?
True
Is 3274987 a prime number?
True
Is 120744509 a prime number?
False
Is 371617 composite?
False
Is 15514223 a composite number?
True
Is 14491047 a composite number?
True
Is 25836169 a composite number?
True
Is 4136069 prime?
False
Is 114269 a prime number?
True
Is 20085839 prime?
True
Is 12835462 prime?
False
Is 153955177 prime?
True
Is 90858151 a prime number?
True
Is 880199 composite?
False
Is 65860241 a prime number?
True
Is 16771021 composite?
False
Is 288657206 composite?
True
Is 3083257 prime?
False
Is 14473873 composite?
True
Is 8644499 composite?
False
Is 86532367 prime?
False
Is 15523307 prime?
True
Is 10918249 composite?
True
Is 957686206 composite?
True
Is 3349321 prime?
True
Is 178438243 composite?
True
Is 67324637 prime?
True
Is 1979519 composite?
True
Is 19311717 composite?
True
Is 1342769 prime?
False
Is 354342101 prime?
False
Is 2040781 a prime number?
True
Is 133326307 a composite number?
False
Is 393717991 a composite number?
False
Is 4709703 prime?
False
Is 355448429 composite?
True
Is 2190521 composite?
False
Is 2820619 composite?
False
Is 13328129 a prime number?
True
Is 6050563 a prime number?
True
Is 110983127 prime?
False
Is 61310057 a prime number?
True
Is 6732497 a composite number?
False
Is 66242689 a prime number?
False
Is 181566551 a composite number?
False
Is 5618231 a composite number?
True
Is 44671883 a prime number?
False
Is 13125767 a composite number?
False
Is 2661391 composite?
False
Is 33858299 a prime number?
True
Is 168774329 a composite number?
False
Is 39515779 prime?
True
Is 5481247 a composite number?
True
Is 8549623 a composite number?
True
Is 2163589 a prime number?
False
Is 6908969 a composite number?
False
Is 152682251 a composite number?
False
Is 29222197 a prime number?
False
Is 97043563 a prime number?
False
Is 328093 a composite number?
False
Is 20026177 a prime number?
True
Is 167842 composite?
True
Is 172414661 composite?
True
Is 712161949 a prime number?
False
Is 29917843 a composite number?
True
Is 137993 a composite number?
False
Is 51487013 composite?
True
Is 21417673 prime?
False
Is 155867123 prime?
False
Is 43180979 a prime number?
False
Is 14747069 a prime number?
True
Is 13087819 a composite number?
False
Is 414655519 prime?
True
Is 5803747 composite?
False
Is 12212377 a prime number?
True
Is 109797043 a prime number?
True
Is 2340797 a prime number?
True
Is 9191509 composite?
True
Is 826271 prime?
True
Is 226718537 prime?
True
Is 370019029 a composite number?
False
Is 292623841 composite?
True
Is 1582359 composite?
True
Is 38424809 composite?
False
Is 40037149 composite?
True
Is 173807939 a prime number?
True
Is 374381233 prime?
True
Is 34941406 a composite number?
True
Is 2674241 prime?
True
Is 351500647 prime?
False
Is 2848003 composite?
True
Is 77578129 prime?
True
Is 1250407 a prime number?
True
Is 18937141 a prime number?
True
Is 22451729 a composite number?
False
Is 9385837 a composite number?
False
Is 2859469 prime?
True
Is 317797 a composite number?
False
Is 63635203 a prime number?
False
Is 600517 a composite number?
False
Is 628093 a composite number?
False
Is 3366481 composite?
True
Is 36011477 composite?
True
Is 1146187795 a prime number?
False
Is 41351171 a prime number?
False
Is 9622943 a composite number?
True
Is 120287 a prime number?
False
Is 38145049 prime?
False
Is 31024423 a composite number?
False
Is 994469 composite?
True
Is 5617867 a composite number?
False
Is 38863291 prime?
True
Is 313927963 a prime number?
False
Is 460871 composite?
False
Is 32568257 a prime number?
True
Is 4824487 a composite number?
False
Is 2317169 a prime number?
True
Is 80413 a composite number?
True
Is 3438586 composite?
True
Is 2441905 composite?
True
Is 33148897 a composite number?
False
Is 90096869 prime?
False
Is 2264567 composite?
False
Is 16165769 composite?
False
Is 41823853 composite?
True
Is 73677329 composite?
True
Is 1196374 a prime number?
False
